{"id":3162,"date":"2024-11-07T12:46:02","date_gmt":"2024-11-07T11:46:02","guid":{"rendered":"https:\/\/lebestiaire.fr\/?post_type=product&#038;p=3162"},"modified":"2025-10-18T21:45:40","modified_gmt":"2025-10-18T19:45:40","slug":"lot-de-2-housses-de-coussin-le-crocodile","status":"publish","type":"product","link":"https:\/\/lebestiaire.fr\/?product=lot-de-2-housses-de-coussin-le-crocodile","title":{"rendered":"Lot de housses de coussin &#8211; Le Crocodile"},"content":{"rendered":"<p>Fabriqu\u00e9es \u00e0 partir d&rsquo;un velours \u00e9pais d&rsquo;ameublement et d&rsquo;un dos en coton \u00e9cru, ces deux housses originales et po\u00e9tiques feront appara\u00eetre c\u00f4te \u00e0 c\u00f4te le grand animal gardien de votre nid.<\/p>\n<p>Cette combinaison de coussins fonctionne parfaitement sur un canap\u00e9, elle trouve \u00e9galement son utilisation majestueuse en t\u00eate de lit pour accompagner vos doux r\u00eaves, son format a \u00e9t\u00e9 pens\u00e9 pour s&rsquo;adapter harmonieusement \u00e0 la t\u00eate d&rsquo;un lit 2 places.<\/p>\n<p>Doux, \u00e9l\u00e9gant et singulier, trouvez la place de ce grand reptile dans votre d\u00e9coration int\u00e9rieure.<\/p>\n<p>Due \u00e0 la fabrication artisanale, la taille indiqu\u00e9e peut varier jusqu\u2019\u00e0 2 cm. Il est recommand\u00e9 de laver votre housse \u00e0 30\u00b0 sans utiliser le s\u00e8che linge. Vous pouvez la repasser sur le dos en coton, ne jamais repasser directement sur le velours.<\/p>\n","protected":false},"excerpt":{"rendered":"<p>Votre maison aussi \u00e0 le droit \u00e0 un peu de douceur. Le duo de taies de coussin Le Bestiaire illustr\u00e9es d&rsquo;un grand crocodile apporteront un aspect chic, \u00e9l\u00e9gant et original \u00e0 votre int\u00e9rieur.<\/p>\n<p>Le motif de ces housses de coussin a \u00e9t\u00e9 imagin\u00e9 en France \u00e0 partir de dessins originaux r\u00e9alis\u00e9s \u00e0 l\u2019encre de chine.<\/p>\n<ul>\n<li>Composition: 50% polyester, 50% coton<\/li>\n<li>Taille: 40 x 68 cm (\u00e0 remplir d&rsquo;une garniture standard de 45 x 70 cm)<\/li>\n<li>Fabrication: Imagin\u00e9, dessin\u00e9, imprim\u00e9 et cousu en France<\/li>\n<li>D\u00e9tails: forme portefeuille, vendu sans la garniture par lot de 2 housses<\/li>\n<\/ul>\n<p>&nbsp;<\/p>\n<p>Le duo de housses de coussin existe aussi avec un grand <a href=\"https:\/\/lebestiaire.fr\/?product=duo-de-housses-de-coussin-tigre\">tigre<\/a>.<\/p>\n","protected":false},"featured_media":3010,"comment_status":"open","ping_status":"closed","template":"","meta":[],"product_brand":[],"product_cat":[35],"product_tag":[],"class_list":{"0":"post-3162","1":"product","2":"type-product","3":"status-publish","4":"has-post-thumbnail","6":"product_cat-d-coussins","7":"product_shipping_class-coffret","9":"entry","10":"has-media","12":"first","13":"instock","14":"taxable","15":"shipping-taxable","16":"purchasable","17":"product-type-simple","18":"col","19":"span_1_of_3","20":"owp-content-center","21":"owp-thumbs-layout-horizontal","22":"owp-btn-normal","23":"owp-tabs-layout-horizontal"},"yoast_head":"<!-- This site is optimized with the Yoast SEO plugin v27.4 - https:\/\/yoast.com\/product\/yoast-seo-wordpress\/ -->\n<title>Lot de housses de coussin - Le Crocodile | Le Bestiaire<\/title>\n<meta name=\"description\" content=\"Chic et \u00e9l\u00e9gant, ce lot de housses de coussin illustr\u00e9es d&#039;un grand crocodile habillera avec singularit\u00e9 votre t\u00eate de lit ou votre canap\u00e9\" \/>\n<meta name=\"robots\" content=\"index, follow, max-snippet:-1, max-image-preview:large, max-video-preview:-1\" \/>\n<link rel=\"canonical\" href=\"https:\/\/lebestiaire.fr\/?product=lot-de-2-housses-de-coussin-le-crocodile\" \/>\n<meta property=\"og:locale\" content=\"fr_FR\" \/>\n<meta property=\"og:type\" content=\"article\" \/>\n<meta property=\"og:title\" content=\"Lot de housses de coussin - Le Crocodile | Le Bestiaire\" \/>\n<meta property=\"og:description\" content=\"Chic et \u00e9l\u00e9gant, ce lot de housses de coussin illustr\u00e9es d&#039;un grand crocodile habillera avec singularit\u00e9 votre t\u00eate de lit ou votre canap\u00e9\" \/>\n<meta property=\"og:url\" content=\"https:\/\/lebestiaire.fr\/?product=lot-de-2-housses-de-coussin-le-crocodile\" \/>\n<meta property=\"og:site_name\" content=\"Le Bestiaire\" \/>\n<meta property=\"article:modified_time\" content=\"2025-10-18T19:45:40+00:00\" \/>\n<meta property=\"og:image\" content=\"https:\/\/lebestiaire.fr\/wp-content\/uploads\/2024\/11\/IMG_3189-scaled.jpg\" \/>\n\t<meta property=\"og:image:width\" content=\"2560\" \/>\n\t<meta property=\"og:image:height\" content=\"2560\" \/>\n\t<meta property=\"og:image:type\" content=\"image\/jpeg\" \/>\n<meta name=\"twitter:card\" content=\"summary_large_image\" \/>\n<meta name=\"twitter:label1\" content=\"Dur\u00e9e de lecture estim\u00e9e\" \/>\n\t<meta name=\"twitter:data1\" content=\"1 minute\" \/>\n<script type=\"application\/ld+json\" class=\"yoast-schema-graph\">{\"@context\":\"https:\\\/\\\/schema.org\",\"@graph\":[{\"@type\":\"WebPage\",\"@id\":\"https:\\\/\\\/lebestiaire.fr\\\/?product=lot-de-2-housses-de-coussin-le-crocodile\",\"url\":\"https:\\\/\\\/lebestiaire.fr\\\/?product=lot-de-2-housses-de-coussin-le-crocodile\",\"name\":\"Lot de housses de coussin - Le Crocodile | Le Bestiaire\",\"isPartOf\":{\"@id\":\"https:\\\/\\\/lebestiaire.fr\\\/#website\"},\"primaryImageOfPage\":{\"@id\":\"https:\\\/\\\/lebestiaire.fr\\\/?product=lot-de-2-housses-de-coussin-le-crocodile#primaryimage\"},\"image\":{\"@id\":\"https:\\\/\\\/lebestiaire.fr\\\/?product=lot-de-2-housses-de-coussin-le-crocodile#primaryimage\"},\"thumbnailUrl\":\"https:\\\/\\\/lebestiaire.fr\\\/wp-content\\\/uploads\\\/2024\\\/11\\\/IMG_3189-scaled.jpg\",\"datePublished\":\"2024-11-07T11:46:02+00:00\",\"dateModified\":\"2025-10-18T19:45:40+00:00\",\"description\":\"Chic et \u00e9l\u00e9gant, ce lot de housses de coussin illustr\u00e9es d'un grand crocodile habillera avec singularit\u00e9 votre t\u00eate de lit ou votre canap\u00e9\",\"breadcrumb\":{\"@id\":\"https:\\\/\\\/lebestiaire.fr\\\/?product=lot-de-2-housses-de-coussin-le-crocodile#breadcrumb\"},\"inLanguage\":\"fr-FR\",\"potentialAction\":[{\"@type\":\"ReadAction\",\"target\":[\"https:\\\/\\\/lebestiaire.fr\\\/?product=lot-de-2-housses-de-coussin-le-crocodile\"]}]},{\"@type\":\"ImageObject\",\"inLanguage\":\"fr-FR\",\"@id\":\"https:\\\/\\\/lebestiaire.fr\\\/?product=lot-de-2-housses-de-coussin-le-crocodile#primaryimage\",\"url\":\"https:\\\/\\\/lebestiaire.fr\\\/wp-content\\\/uploads\\\/2024\\\/11\\\/IMG_3189-scaled.jpg\",\"contentUrl\":\"https:\\\/\\\/lebestiaire.fr\\\/wp-content\\\/uploads\\\/2024\\\/11\\\/IMG_3189-scaled.jpg\",\"width\":2560,\"height\":2560,\"caption\":\"Housses de coussin Le Crocodile | Le Bestiaire\"},{\"@type\":\"BreadcrumbList\",\"@id\":\"https:\\\/\\\/lebestiaire.fr\\\/?product=lot-de-2-housses-de-coussin-le-crocodile#breadcrumb\",\"itemListElement\":[{\"@type\":\"ListItem\",\"position\":1,\"name\":\"Accueil\",\"item\":\"https:\\\/\\\/lebestiaire.fr\\\/\"},{\"@type\":\"ListItem\",\"position\":2,\"name\":\"Foulards &#038; Accessoires\",\"item\":\"https:\\\/\\\/lebestiaire.fr\\\/?page_id=60\"},{\"@type\":\"ListItem\",\"position\":3,\"name\":\"Lot de housses de coussin &#8211; Le Crocodile\"}]},{\"@type\":\"WebSite\",\"@id\":\"https:\\\/\\\/lebestiaire.fr\\\/#website\",\"url\":\"https:\\\/\\\/lebestiaire.fr\\\/\",\"name\":\"Le Bestiaire\",\"description\":\"Le Bestiaire \u2013 Accessoires textiles illustr\u00e9s, en soie ou coton, dessin\u00e9s et fabriqu\u00e9s en France\",\"publisher\":{\"@id\":\"https:\\\/\\\/lebestiaire.fr\\\/#organization\"},\"alternateName\":\"Le Bestiaire \u2022 Foulards & textiles illustr\u00e9s en France\",\"potentialAction\":[{\"@type\":\"SearchAction\",\"target\":{\"@type\":\"EntryPoint\",\"urlTemplate\":\"https:\\\/\\\/lebestiaire.fr\\\/?s={search_term_string}\"},\"query-input\":{\"@type\":\"PropertyValueSpecification\",\"valueRequired\":true,\"valueName\":\"search_term_string\"}}],\"inLanguage\":\"fr-FR\"},{\"@type\":\"Organization\",\"@id\":\"https:\\\/\\\/lebestiaire.fr\\\/#organization\",\"name\":\"Le Bestiaire\",\"url\":\"https:\\\/\\\/lebestiaire.fr\\\/\",\"logo\":{\"@type\":\"ImageObject\",\"inLanguage\":\"fr-FR\",\"@id\":\"https:\\\/\\\/lebestiaire.fr\\\/#\\\/schema\\\/logo\\\/image\\\/\",\"url\":\"https:\\\/\\\/lebestiaire.fr\\\/wp-content\\\/uploads\\\/2023\\\/06\\\/logo.jpg\",\"contentUrl\":\"https:\\\/\\\/lebestiaire.fr\\\/wp-content\\\/uploads\\\/2023\\\/06\\\/logo.jpg\",\"width\":1390,\"height\":569,\"caption\":\"Le Bestiaire\"},\"image\":{\"@id\":\"https:\\\/\\\/lebestiaire.fr\\\/#\\\/schema\\\/logo\\\/image\\\/\"}}]}<\/script>\n<!-- \/ Yoast SEO plugin. -->","yoast_head_json":{"title":"Lot de housses de coussin - Le Crocodile | Le Bestiaire","description":"Chic et \u00e9l\u00e9gant, ce lot de housses de coussin illustr\u00e9es d'un grand crocodile habillera avec singularit\u00e9 votre t\u00eate de lit ou votre canap\u00e9","robots":{"index":"index","follow":"follow","max-snippet":"max-snippet:-1","max-image-preview":"max-image-preview:large","max-video-preview":"max-video-preview:-1"},"canonical":"https:\/\/lebestiaire.fr\/?product=lot-de-2-housses-de-coussin-le-crocodile","og_locale":"fr_FR","og_type":"article","og_title":"Lot de housses de coussin - Le Crocodile | Le Bestiaire","og_description":"Chic et \u00e9l\u00e9gant, ce lot de housses de coussin illustr\u00e9es d'un grand crocodile habillera avec singularit\u00e9 votre t\u00eate de lit ou votre canap\u00e9","og_url":"https:\/\/lebestiaire.fr\/?product=lot-de-2-housses-de-coussin-le-crocodile","og_site_name":"Le Bestiaire","article_modified_time":"2025-10-18T19:45:40+00:00","og_image":[{"width":2560,"height":2560,"url":"https:\/\/lebestiaire.fr\/wp-content\/uploads\/2024\/11\/IMG_3189-scaled.jpg","type":"image\/jpeg"}],"twitter_card":"summary_large_image","twitter_misc":{"Dur\u00e9e de lecture estim\u00e9e":"1 minute"},"schema":{"@context":"https:\/\/schema.org","@graph":[{"@type":"WebPage","@id":"https:\/\/lebestiaire.fr\/?product=lot-de-2-housses-de-coussin-le-crocodile","url":"https:\/\/lebestiaire.fr\/?product=lot-de-2-housses-de-coussin-le-crocodile","name":"Lot de housses de coussin - Le Crocodile | Le Bestiaire","isPartOf":{"@id":"https:\/\/lebestiaire.fr\/#website"},"primaryImageOfPage":{"@id":"https:\/\/lebestiaire.fr\/?product=lot-de-2-housses-de-coussin-le-crocodile#primaryimage"},"image":{"@id":"https:\/\/lebestiaire.fr\/?product=lot-de-2-housses-de-coussin-le-crocodile#primaryimage"},"thumbnailUrl":"https:\/\/lebestiaire.fr\/wp-content\/uploads\/2024\/11\/IMG_3189-scaled.jpg","datePublished":"2024-11-07T11:46:02+00:00","dateModified":"2025-10-18T19:45:40+00:00","description":"Chic et \u00e9l\u00e9gant, ce lot de housses de coussin illustr\u00e9es d'un grand crocodile habillera avec singularit\u00e9 votre t\u00eate de lit ou votre canap\u00e9","breadcrumb":{"@id":"https:\/\/lebestiaire.fr\/?product=lot-de-2-housses-de-coussin-le-crocodile#breadcrumb"},"inLanguage":"fr-FR","potentialAction":[{"@type":"ReadAction","target":["https:\/\/lebestiaire.fr\/?product=lot-de-2-housses-de-coussin-le-crocodile"]}]},{"@type":"ImageObject","inLanguage":"fr-FR","@id":"https:\/\/lebestiaire.fr\/?product=lot-de-2-housses-de-coussin-le-crocodile#primaryimage","url":"https:\/\/lebestiaire.fr\/wp-content\/uploads\/2024\/11\/IMG_3189-scaled.jpg","contentUrl":"https:\/\/lebestiaire.fr\/wp-content\/uploads\/2024\/11\/IMG_3189-scaled.jpg","width":2560,"height":2560,"caption":"Housses de coussin Le Crocodile | Le Bestiaire"},{"@type":"BreadcrumbList","@id":"https:\/\/lebestiaire.fr\/?product=lot-de-2-housses-de-coussin-le-crocodile#breadcrumb","itemListElement":[{"@type":"ListItem","position":1,"name":"Accueil","item":"https:\/\/lebestiaire.fr\/"},{"@type":"ListItem","position":2,"name":"Foulards &#038; Accessoires","item":"https:\/\/lebestiaire.fr\/?page_id=60"},{"@type":"ListItem","position":3,"name":"Lot de housses de coussin &#8211; Le Crocodile"}]},{"@type":"WebSite","@id":"https:\/\/lebestiaire.fr\/#website","url":"https:\/\/lebestiaire.fr\/","name":"Le Bestiaire","description":"Le Bestiaire \u2013 Accessoires textiles illustr\u00e9s, en soie ou coton, dessin\u00e9s et fabriqu\u00e9s en France","publisher":{"@id":"https:\/\/lebestiaire.fr\/#organization"},"alternateName":"Le Bestiaire \u2022 Foulards & textiles illustr\u00e9s en France","potentialAction":[{"@type":"SearchAction","target":{"@type":"EntryPoint","urlTemplate":"https:\/\/lebestiaire.fr\/?s={search_term_string}"},"query-input":{"@type":"PropertyValueSpecification","valueRequired":true,"valueName":"search_term_string"}}],"inLanguage":"fr-FR"},{"@type":"Organization","@id":"https:\/\/lebestiaire.fr\/#organization","name":"Le Bestiaire","url":"https:\/\/lebestiaire.fr\/","logo":{"@type":"ImageObject","inLanguage":"fr-FR","@id":"https:\/\/lebestiaire.fr\/#\/schema\/logo\/image\/","url":"https:\/\/lebestiaire.fr\/wp-content\/uploads\/2023\/06\/logo.jpg","contentUrl":"https:\/\/lebestiaire.fr\/wp-content\/uploads\/2023\/06\/logo.jpg","width":1390,"height":569,"caption":"Le Bestiaire"},"image":{"@id":"https:\/\/lebestiaire.fr\/#\/schema\/logo\/image\/"}}]}},"jetpack_sharing_enabled":true,"_links":{"self":[{"href":"https:\/\/lebestiaire.fr\/index.php?rest_route=\/wp\/v2\/product\/3162","targetHints":{"allow":["GET"]}}],"collection":[{"href":"https:\/\/lebestiaire.fr\/index.php?rest_route=\/wp\/v2\/product"}],"about":[{"href":"https:\/\/lebestiaire.fr\/index.php?rest_route=\/wp\/v2\/types\/product"}],"replies":[{"embeddable":true,"href":"https:\/\/lebestiaire.fr\/index.php?rest_route=%2Fwp%2Fv2%2Fcomments&post=3162"}],"version-history":[{"count":5,"href":"https:\/\/lebestiaire.fr\/index.php?rest_route=\/wp\/v2\/product\/3162\/revisions"}],"predecessor-version":[{"id":3178,"href":"https:\/\/lebestiaire.fr\/index.php?rest_route=\/wp\/v2\/product\/3162\/revisions\/3178"}],"wp:featuredmedia":[{"embeddable":true,"href":"https:\/\/lebestiaire.fr\/index.php?rest_route=\/wp\/v2\/media\/3010"}],"wp:attachment":[{"href":"https:\/\/lebestiaire.fr\/index.php?rest_route=%2Fwp%2Fv2%2Fmedia&parent=3162"}],"wp:term":[{"taxonomy":"product_brand","embeddable":true,"href":"https:\/\/lebestiaire.fr\/index.php?rest_route=%2Fwp%2Fv2%2Fproduct_brand&post=3162"},{"taxonomy":"product_cat","embeddable":true,"href":"https:\/\/lebestiaire.fr\/index.php?rest_route=%2Fwp%2Fv2%2Fproduct_cat&post=3162"},{"taxonomy":"product_tag","embeddable":true,"href":"https:\/\/lebestiaire.fr\/index.php?rest_route=%2Fwp%2Fv2%2Fproduct_tag&post=3162"}],"curies":[{"name":"wp","href":"https:\/\/api.w.org\/{rel}","templated":true}]}}